{"id":11,"date":"2013-10-16T05:06:33","date_gmt":"2013-10-16T05:06:33","guid":{"rendered":"http:\/\/karin.unkrig.de\/?page_id=11"},"modified":"2026-04-07T09:32:15","modified_gmt":"2026-04-07T09:32:15","slug":"karin-ammann","status":"publish","type":"page","link":"http:\/\/karin.unkrig.de\/?page_id=11","title":{"rendered":"Zur Person"},"content":{"rendered":"<p><img loading=\"lazy\" decoding=\"async\" class=\"alignright size-full wp-image-77\" src=\"http:\/\/karin.unkrig.de\/wp-content\/uploads\/2013\/10\/KarinAmman_02.jpg\" alt=\"KarinAmman_02\" width=\"200\" height=\"256\" \/><\/p>\n<p>Karin Unkrig, Master of Science UZH, geboren 18.12.1964 in der Schweiz, Vorfahren aus Italien und England. Karin Ammann ist ihr fr\u00fcherer Nach- und heutiger K\u00fcnstler-Name.<\/p>\n<p>Karin studierte in Z\u00fcrich und Neuch\u00e2tel, f\u00fchlt sich als Europ\u00e4erin und Weltb\u00fcrgerin.<\/p>\n<p>Die Arbeitspsychologin, Kommunikationsspezialistin und Autorin lebt zusammen mit Arno Unkrig in M\u00fcnchen.<\/p>\n<p>Seit Juli 2020 ist sie als gelegentlich als \u00abFliegende Reporterin\u00bb sowie ehrenamtlich unterwegs.<\/p>\n<p>In diesem Zusammenhang unterst\u00fctzt die Doppelb\u00fcrgerin Schweiz\/Deutschland den gemeinn\u00fctzigen Verein \u00abJournalisten helfen Journalisten\u00bb (JhJ), Condrobs e.V., Zivilcourage f\u00fcr ALLE e.V., Flamencos en Route, PRO QUOTE REGIE, Das Caf\u00e9 Eigenleben, den Katzentempel, den Verlag BISS e.V. und die Haidhauser Nachrichten.<\/p>\n<h1>Hobbys<\/h1>\n<ul>\n<li>Spazierg\u00e4nge durch die Natur<\/li>\n<li>Reisen, Abenteuer<\/li>\n<li>Literatur, Kino,\u00a0Konzerte<\/li>\n<\/ul>\n<h1>Leidenschaften<\/h1>\n<ul>\n<li>Eiskunstlaufen (passiv)<\/li>\n<li>Italienische Schuhe (aktiv)<\/li>\n<li>Dunkle Schokolade (wiederkehrend)<\/li>\n<\/ul>\n\n\n<p><\/p>\n","protected":false},"excerpt":{"rendered":"<p>Karin Unkrig, Master of Science UZH, geboren 18.12.1964 in der Schweiz, Vorfahren aus Italien und England. Karin Ammann ist ihr fr\u00fcherer Nach- und heutiger K\u00fcnstler-Name. Karin studierte in Z\u00fcrich und Neuch\u00e2tel, f\u00fchlt sich als Europ\u00e4erin und Weltb\u00fcrgerin. Die Arbeitspsychologin, Kommunikationsspezialistin und Autorin lebt zusammen mit Arno Unkrig in M\u00fcnchen. Seit Juli 2020 ist sie als [&hellip;]<\/p>\n","protected":false},"author":2,"featured_media":0,"parent":0,"menu_order":0,"comment_status":"open","ping_status":"open","template":"","meta":{"footnotes":""},"_links":{"self":[{"href":"http:\/\/karin.unkrig.de\/index.php?rest_route=\/wp\/v2\/pages\/11"}],"collection":[{"href":"http:\/\/karin.unkrig.de\/index.php?rest_route=\/wp\/v2\/pages"}],"about":[{"href":"http:\/\/karin.unkrig.de\/index.php?rest_route=\/wp\/v2\/types\/page"}],"author":[{"embeddable":true,"href":"http:\/\/karin.unkrig.de\/index.php?rest_route=\/wp\/v2\/users\/2"}],"replies":[{"embeddable":true,"href":"http:\/\/karin.unkrig.de\/index.php?rest_route=%2Fwp%2Fv2%2Fcomments&post=11"}],"version-history":[{"count":45,"href":"http:\/\/karin.unkrig.de\/index.php?rest_route=\/wp\/v2\/pages\/11\/revisions"}],"predecessor-version":[{"id":2936,"href":"http:\/\/karin.unkrig.de\/index.php?rest_route=\/wp\/v2\/pages\/11\/revisions\/2936"}],"wp:attachment":[{"href":"http:\/\/karin.unkrig.de\/index.php?rest_route=%2Fwp%2Fv2%2Fmedia&parent=11"}],"curies":[{"name":"wp","href":"https:\/\/api.w.org\/{rel}","templated":true}]}}

<p><img loading="lazy" decoding="async" class="alignright size-full wp-image-77" src="http://karin.unkrig.de/wp-content/uploads/2013/10/KarinAmman_02.jpg" alt="KarinAmman_02" width="200" height="256" /></p>
<p>Karin Unkrig, Master of Science UZH, geboren 18.12.1964 in der Schweiz, Vorfahren aus Italien und England. Karin Ammann ist ihr früherer Nach- und heutiger Künstler-Name.</p>
<p>Karin studierte in Zürich und Neuchâtel, fühlt sich als Europäerin und Weltbürgerin.</p>
<p>Die Arbeitspsychologin, Kommunikationsspezialistin und Autorin lebt zusammen mit Arno Unkrig in München.</p>
<p>Seit Juli 2020 ist sie als gelegentlich als «Fliegende Reporterin» sowie ehrenamtlich unterwegs.</p>
<p>In diesem Zusammenhang unterstützt die Doppelbürgerin Schweiz/Deutschland den gemeinnützigen Verein «Journalisten helfen Journalisten» (JhJ), Condrobs e.V., Zivilcourage für ALLE e.V., Flamencos en Route, PRO QUOTE REGIE, Das Café Eigenleben, den Katzentempel, den Verlag BISS e.V. und die Haidhauser Nachrichten.</p>
<h1>Hobbys</h1>
<ul>
<li>Spaziergänge durch die Natur</li>
<li>Reisen, Abenteuer</li>
<li>Literatur, Kino, Konzerte</li>
</ul>
<h1>Leidenschaften</h1>
<ul>
<li>Eiskunstlaufen (passiv)</li>
<li>Italienische Schuhe (aktiv)</li>
<li>Dunkle Schokolade (wiederkehrend)</li>
</ul>


<p></p>

<p>Karin Unkrig, Master of Science UZH, geboren 18.12.1964 in der Schweiz, Vorfahren aus Italien und England. Karin Ammann ist ihr früherer Nach- und heutiger Künstler-Name. Karin studierte in Zürich und Neuchâtel, fühlt sich als Europäerin und Weltbürgerin. Die Arbeitspsychologin, Kommunikationsspezialistin und Autorin lebt zusammen mit Arno Unkrig in München. Seit Juli 2020 ist sie als [&hellip;]</p>
