{"id":13,"date":"2013-10-16T05:05:37","date_gmt":"2013-10-16T05:05:37","guid":{"rendered":"http:\/\/karin.unkrig.de\/?page_id=13"},"modified":"2022-09-04T15:40:27","modified_gmt":"2022-09-04T15:40:27","slug":"verarnstaltungen","status":"publish","type":"page","link":"http:\/\/karin.unkrig.de\/?page_id=13","title":{"rendered":"Lesungen, Referate, Auftritte"},"content":{"rendered":"<p><img loading=\"lazy\" decoding=\"async\" class=\"size-full wp-image-57 alignright\" src=\"http:\/\/karin.unkrig.de\/wp-content\/uploads\/2013\/10\/veranstaltungen.jpg\" alt=\"veranstaltungen\" width=\"180\" height=\"124\" \/><\/p>\n<ul>\n<li><span style=\"font-family: 'Calibri','sans-serif'; font-size: 11pt; mso-ascii-theme-font: minor-latin; mso-fareast-font-family: Calibri; mso-fareast-theme-font: minor-latin; mso-hansi-theme-font: minor-latin; mso-bidi-font-family: 'Times New Roman'; mso-bidi-theme-font: minor-bidi; mso-ansi-language: DE; mso-fareast-language: EN-US; mso-bidi-language: AR-SA;\"><span style=\"color: #000000;\">Stadtbibliothek Germering, Interdisziplin\u00e4res Kultur-happening, 1. Oktober 2022<br \/><\/span><\/span><\/li>\n<li><span style=\"font-family: 'Calibri','sans-serif'; font-size: 11pt; mso-ascii-theme-font: minor-latin; mso-fareast-font-family: Calibri; mso-fareast-theme-font: minor-latin; mso-hansi-theme-font: minor-latin; mso-bidi-font-family: 'Times New Roman'; mso-bidi-theme-font: minor-bidi; mso-ansi-language: DE; mso-fareast-language: EN-US; mso-bidi-language: AR-SA;\"><span style=\"color: #000000;\">Radio LORA, M\u00fcnchen, Literatur-Verh\u00f6r (Werkkreis Literatur der Arbeitswelt, 8. April 2022 und <\/span><\/span><span style=\"font-family: 'Calibri','sans-serif'; font-size: 11pt; mso-ascii-theme-font: minor-latin; mso-fareast-font-family: Calibri; mso-fareast-theme-font: minor-latin; mso-hansi-theme-font: minor-latin; mso-bidi-font-family: 'Times New Roman'; mso-bidi-theme-font: minor-bidi; mso-ansi-language: DE; mso-fareast-language: EN-US; mso-bidi-language: AR-SA;\"><span style=\"color: #000000;\">8. Juni 2018, ferner 14. Februar 2014 und 13. Dezember 2013)<\/span><\/span><\/li>\n<li><span style=\"font-family: 'Calibri','sans-serif'; font-size: 11pt; mso-ascii-theme-font: minor-latin; mso-fareast-font-family: Calibri; mso-fareast-theme-font: minor-latin; mso-hansi-theme-font: minor-latin; mso-bidi-font-family: 'Times New Roman'; mso-bidi-theme-font: minor-bidi; mso-ansi-language: DE; mso-fareast-language: EN-US; mso-bidi-language: AR-SA;\"><span style=\"color: #000000;\">BMS Winterthur,\u00a0Diplomrede (8. Juli 2016) <\/span><\/span><\/li>\n<li><span style=\"font-family: 'Calibri','sans-serif'; font-size: 11pt; mso-ascii-theme-font: minor-latin; mso-fareast-font-family: Calibri; mso-fareast-theme-font: minor-latin; mso-hansi-theme-font: minor-latin; mso-bidi-font-family: 'Times New Roman'; mso-bidi-theme-font: minor-bidi; mso-ansi-language: DE; mso-fareast-language: EN-US; mso-bidi-language: AR-SA;\"><span style=\"color: #000000;\">COALmine Winterthur, \u00abVon Auschwitz nach Beverly Hills\u00bb, Vernissage des Buchs von Marton Stark und Heinz Bachmann (19. November, 19:00 Uhr) <\/span><\/span><\/li>\n<li><span style=\"font-family: 'Calibri','sans-serif'; font-size: 11pt; mso-ascii-theme-font: minor-latin; mso-fareast-font-family: Calibri; mso-fareast-theme-font: minor-latin; mso-hansi-theme-font: minor-latin; mso-bidi-font-family: 'Times New Roman'; mso-bidi-theme-font: minor-bidi; mso-ansi-language: DE; mso-fareast-language: EN-US; mso-bidi-language: AR-SA;\"><span style=\"color: #000000;\">DGB\/Lesung B\u00fcrgerhaus Emering, Erinnerung an den 2. Mai 1933 (2. Mai 2013)<\/span><\/span><\/li>\n<li><span style=\"font-family: 'Calibri','sans-serif'; font-size: 11pt; mso-ascii-theme-font: minor-latin; mso-fareast-font-family: Calibri; mso-fareast-theme-font: minor-latin; mso-hansi-theme-font: minor-latin; mso-bidi-font-family: 'Times New Roman'; mso-bidi-theme-font: minor-bidi; mso-ansi-language: DE; mso-fareast-language: EN-US; mso-bidi-language: AR-SA;\"><span style=\"color: #000000;\">\u00abKunstpunkt &#8211; Literatur trifft bildende Kunst\u00a0und Musik\u00bb, Kul- <\/span><\/span><span style=\"font-family: 'Calibri','sans-serif'; font-size: 11pt; mso-ascii-theme-font: minor-latin; mso-fareast-font-family: Calibri; mso-fareast-theme-font: minor-latin; mso-hansi-theme-font: minor-latin; mso-bidi-font-family: 'Times New Roman'; mso-bidi-theme-font: minor-bidi; mso-ansi-language: DE; mso-fareast-language: EN-US; mso-bidi-language: AR-SA;\"><span style=\"color: #000000;\">turhaus Neuperlach, M\u00fcnchen \u00a0(9. Novermber 2012, 17:00 Uhr)<\/span><\/span><\/li>\n<li><span style=\"font-family: 'Calibri','sans-serif'; font-size: 11pt; mso-ascii-theme-font: minor-latin; mso-fareast-font-family: Calibri; mso-fareast-theme-font: minor-latin; mso-hansi-theme-font: minor-latin; mso-bidi-font-family: 'Times New Roman'; mso-bidi-theme-font: minor-bidi; mso-ansi-language: DE; mso-fareast-language: EN-US; mso-bidi-language: AR-SA;\"><span style=\"color: #000000;\">Lesecafe Ligsalzstrasse 13, M\u00fcnchen, Lesung zu dritt, \u00abUns reich\u00b4s, Texte gegen rechts\u00bb\u00a0<\/span><\/span><span style=\"font-family: 'Calibri','sans-serif'; font-size: 11pt; mso-ascii-theme-font: minor-latin; mso-fareast-font-family: Calibri; mso-fareast-theme-font: minor-latin; mso-hansi-theme-font: minor-latin; mso-bidi-font-family: 'Times New Roman'; mso-bidi-theme-font: minor-bidi; mso-ansi-language: DE; mso-fareast-language: EN-US; mso-bidi-language: AR-SA;\"><span style=\"color: #000000;\"> (20. April 2012)<\/span><\/span><\/li>\n<li><span style=\"font-family: 'Calibri','sans-serif'; font-size: 11pt; mso-ascii-theme-font: minor-latin; mso-fareast-font-family: Calibri; mso-fareast-theme-font: minor-latin; mso-hansi-theme-font: minor-latin; mso-bidi-font-family: 'Times New Roman'; mso-bidi-theme-font: minor-bidi; mso-ansi-language: DE; mso-fareast-language: EN-US; mso-bidi-language: AR-SA;\"><span style=\"color: #000000;\">Trigon Bildungszentrum, Z\u00fcrich,\u00a0\u00a0Referat zu \u00abEinflussnahme auf politische Entscheide durch gezielte Lobbyarbeit\u00bb, (30. Januar 2012)<\/span><\/span><\/li>\n<li>Gewerkschaft Syndicom, Olten, Referat \u00fcber Flexibilit\u00e4t am Arbeitsplatz (14. Juni 2011)<\/li>\n<li>Universit\u00e4t St. Gallen, T\u00e2gung \u00d6ffentliches Personalrecht, Referat zu \u00abVerliebt am Arbeitsplatz\u00bb (25. November 2009, Casino Luzern)<\/li>\n<li>Altstadtfest Aarau, Kurzauftritt\/Lesung (20. September 2008, Kirchenplatz, 20:15 Uhr)<\/li>\n<li>Swiss Prevention Center, Auftritt anl\u00e4sslich der Er\u00f6ffnung (28. Februar 2008, 10:30 Uhr, Nottwil)<\/li>\n<li>Aargauische Frauenzentrale, Vortrag zu \u00abTime-out im Grossen und im Kleinen\u00bb (6. September 2007, 18:30 Uhr, Koster Fahr)<\/li>\n<li>Buchhandlung Meissner: Lesung\/Feierabendtalk innerhalb der Reihe \u00abMonat der Arbeit\u00bb (15. Mai 2007, 19:30 Uhr, Aarau)<\/li>\n<li>Forum\/Bistro Philosophe, Vortrag\u00a0 (7. Juli 2006, 20:00 Uhr, Dielsdorf)<\/li>\n<li>Nationale Tagung f\u00fcr Betriebliche Gesundheitsf\u00f6rderung 2006, Symposium zu \u00abTime-out\u00bb (9. M\u00e4rz 2006, Universit\u00e9 de Fribourg)<\/li>\n<li>FemScript: Teilnahme an der Lesung zu Neuerscheinungen (5. November 2005, Buchhandlung Stauffacher, Bern)<\/li>\n<li>Juventus Schulen: \u00abDie Kunst des Nichtstuns\u00bb, Ansprache zur Diplomfeier (15. Juli 2005, 18.00, Fraum\u00fcnster Z\u00fcrich)<\/li>\n<li>SMC CreActiv Obersee: \u00abKreative Auszeit, erfolgreiche R\u00fcckkehr\u00bb, Podiumsgespr\u00e4ch (4. Juli 2005, 20.00, Seedamm Plaza, Pf\u00e4ffikon)<\/li>\n<li>Ausbilder-Forum 2005: Referat \u00abTimeout &#8211;\u00a0Tun, wovon andere nur tr\u00e4umen\u00bb (2. Juni 2005, 13:30 Uhr, Burgdorf)<\/li>\n<li>Buch Basel: Auftritt im Sachbuchforum \u00abBest of Beobachter\u00bb, Moderation: Patrick Rohr (7. Mai 2005, Messe Basel)<\/li>\n<\/ul>\n\n\n<p><\/p>\n","protected":false},"excerpt":{"rendered":"<p>Stadtbibliothek Germering, Interdisziplin\u00e4res Kultur-happening, 1. Oktober 2022 Radio LORA, M\u00fcnchen, Literatur-Verh\u00f6r (Werkkreis Literatur der Arbeitswelt, 8. April 2022 und 8. Juni 2018, ferner 14. Februar 2014 und 13. Dezember 2013) BMS Winterthur,\u00a0Diplomrede (8. Juli 2016) COALmine Winterthur, \u00abVon Auschwitz nach Beverly Hills\u00bb, Vernissage des Buchs von Marton Stark und Heinz Bachmann (19. November, 19:00 Uhr) [&hellip;]<\/p>\n","protected":false},"author":2,"featured_media":0,"parent":0,"menu_order":0,"comment_status":"open","ping_status":"open","template":"","meta":{"footnotes":""},"_links":{"self":[{"href":"http:\/\/karin.unkrig.de\/index.php?rest_route=\/wp\/v2\/pages\/13"}],"collection":[{"href":"http:\/\/karin.unkrig.de\/index.php?rest_route=\/wp\/v2\/pages"}],"about":[{"href":"http:\/\/karin.unkrig.de\/index.php?rest_route=\/wp\/v2\/types\/page"}],"author":[{"embeddable":true,"href":"http:\/\/karin.unkrig.de\/index.php?rest_route=\/wp\/v2\/users\/2"}],"replies":[{"embeddable":true,"href":"http:\/\/karin.unkrig.de\/index.php?rest_route=%2Fwp%2Fv2%2Fcomments&post=13"}],"version-history":[{"count":32,"href":"http:\/\/karin.unkrig.de\/index.php?rest_route=\/wp\/v2\/pages\/13\/revisions"}],"predecessor-version":[{"id":2622,"href":"http:\/\/karin.unkrig.de\/index.php?rest_route=\/wp\/v2\/pages\/13\/revisions\/2622"}],"wp:attachment":[{"href":"http:\/\/karin.unkrig.de\/index.php?rest_route=%2Fwp%2Fv2%2Fmedia&parent=13"}],"curies":[{"name":"wp","href":"https:\/\/api.w.org\/{rel}","templated":true}]}}

<p><img loading="lazy" decoding="async" class="size-full wp-image-57 alignright" src="http://karin.unkrig.de/wp-content/uploads/2013/10/veranstaltungen.jpg" alt="veranstaltungen" width="180" height="124" /></p>
<ul>
<li><span style="font-family: 'Calibri','sans-serif'; font-size: 11pt; mso-ascii-theme-font: minor-latin; mso-fareast-font-family: Calibri; mso-fareast-theme-font: minor-latin; mso-hansi-theme-font: minor-latin; mso-bidi-font-family: 'Times New Roman'; mso-bidi-theme-font: minor-bidi; mso-ansi-language: DE; mso-fareast-language: EN-US; mso-bidi-language: AR-SA;"><span style="color: #000000;">Stadtbibliothek Germering, Interdisziplinäres Kultur-happening, 1. Oktober 2022<br /></span></span></li>
<li><span style="font-family: 'Calibri','sans-serif'; font-size: 11pt; mso-ascii-theme-font: minor-latin; mso-fareast-font-family: Calibri; mso-fareast-theme-font: minor-latin; mso-hansi-theme-font: minor-latin; mso-bidi-font-family: 'Times New Roman'; mso-bidi-theme-font: minor-bidi; mso-ansi-language: DE; mso-fareast-language: EN-US; mso-bidi-language: AR-SA;"><span style="color: #000000;">Radio LORA, München, Literatur-Verhör (Werkkreis Literatur der Arbeitswelt, 8. April 2022 und </span></span><span style="font-family: 'Calibri','sans-serif'; font-size: 11pt; mso-ascii-theme-font: minor-latin; mso-fareast-font-family: Calibri; mso-fareast-theme-font: minor-latin; mso-hansi-theme-font: minor-latin; mso-bidi-font-family: 'Times New Roman'; mso-bidi-theme-font: minor-bidi; mso-ansi-language: DE; mso-fareast-language: EN-US; mso-bidi-language: AR-SA;"><span style="color: #000000;">8. Juni 2018, ferner 14. Februar 2014 und 13. Dezember 2013)</span></span></li>
<li><span style="font-family: 'Calibri','sans-serif'; font-size: 11pt; mso-ascii-theme-font: minor-latin; mso-fareast-font-family: Calibri; mso-fareast-theme-font: minor-latin; mso-hansi-theme-font: minor-latin; mso-bidi-font-family: 'Times New Roman'; mso-bidi-theme-font: minor-bidi; mso-ansi-language: DE; mso-fareast-language: EN-US; mso-bidi-language: AR-SA;"><span style="color: #000000;">BMS Winterthur, Diplomrede (8. Juli 2016) </span></span></li>
<li><span style="font-family: 'Calibri','sans-serif'; font-size: 11pt; mso-ascii-theme-font: minor-latin; mso-fareast-font-family: Calibri; mso-fareast-theme-font: minor-latin; mso-hansi-theme-font: minor-latin; mso-bidi-font-family: 'Times New Roman'; mso-bidi-theme-font: minor-bidi; mso-ansi-language: DE; mso-fareast-language: EN-US; mso-bidi-language: AR-SA;"><span style="color: #000000;">COALmine Winterthur, «Von Auschwitz nach Beverly Hills», Vernissage des Buchs von Marton Stark und Heinz Bachmann (19. November, 19:00 Uhr) </span></span></li>
<li><span style="font-family: 'Calibri','sans-serif'; font-size: 11pt; mso-ascii-theme-font: minor-latin; mso-fareast-font-family: Calibri; mso-fareast-theme-font: minor-latin; mso-hansi-theme-font: minor-latin; mso-bidi-font-family: 'Times New Roman'; mso-bidi-theme-font: minor-bidi; mso-ansi-language: DE; mso-fareast-language: EN-US; mso-bidi-language: AR-SA;"><span style="color: #000000;">DGB/Lesung Bürgerhaus Emering, Erinnerung an den 2. Mai 1933 (2. Mai 2013)</span></span></li>
<li><span style="font-family: 'Calibri','sans-serif'; font-size: 11pt; mso-ascii-theme-font: minor-latin; mso-fareast-font-family: Calibri; mso-fareast-theme-font: minor-latin; mso-hansi-theme-font: minor-latin; mso-bidi-font-family: 'Times New Roman'; mso-bidi-theme-font: minor-bidi; mso-ansi-language: DE; mso-fareast-language: EN-US; mso-bidi-language: AR-SA;"><span style="color: #000000;">«Kunstpunkt &#8211; Literatur trifft bildende Kunst und Musik», Kul- </span></span><span style="font-family: 'Calibri','sans-serif'; font-size: 11pt; mso-ascii-theme-font: minor-latin; mso-fareast-font-family: Calibri; mso-fareast-theme-font: minor-latin; mso-hansi-theme-font: minor-latin; mso-bidi-font-family: 'Times New Roman'; mso-bidi-theme-font: minor-bidi; mso-ansi-language: DE; mso-fareast-language: EN-US; mso-bidi-language: AR-SA;"><span style="color: #000000;">turhaus Neuperlach, München  (9. Novermber 2012, 17:00 Uhr)</span></span></li>
<li><span style="font-family: 'Calibri','sans-serif'; font-size: 11pt; mso-ascii-theme-font: minor-latin; mso-fareast-font-family: Calibri; mso-fareast-theme-font: minor-latin; mso-hansi-theme-font: minor-latin; mso-bidi-font-family: 'Times New Roman'; mso-bidi-theme-font: minor-bidi; mso-ansi-language: DE; mso-fareast-language: EN-US; mso-bidi-language: AR-SA;"><span style="color: #000000;">Lesecafe Ligsalzstrasse 13, München, Lesung zu dritt, «Uns reich´s, Texte gegen rechts» </span></span><span style="font-family: 'Calibri','sans-serif'; font-size: 11pt; mso-ascii-theme-font: minor-latin; mso-fareast-font-family: Calibri; mso-fareast-theme-font: minor-latin; mso-hansi-theme-font: minor-latin; mso-bidi-font-family: 'Times New Roman'; mso-bidi-theme-font: minor-bidi; mso-ansi-language: DE; mso-fareast-language: EN-US; mso-bidi-language: AR-SA;"><span style="color: #000000;"> (20. April 2012)</span></span></li>
<li><span style="font-family: 'Calibri','sans-serif'; font-size: 11pt; mso-ascii-theme-font: minor-latin; mso-fareast-font-family: Calibri; mso-fareast-theme-font: minor-latin; mso-hansi-theme-font: minor-latin; mso-bidi-font-family: 'Times New Roman'; mso-bidi-theme-font: minor-bidi; mso-ansi-language: DE; mso-fareast-language: EN-US; mso-bidi-language: AR-SA;"><span style="color: #000000;">Trigon Bildungszentrum, Zürich,  Referat zu «Einflussnahme auf politische Entscheide durch gezielte Lobbyarbeit», (30. Januar 2012)</span></span></li>
<li>Gewerkschaft Syndicom, Olten, Referat über Flexibilität am Arbeitsplatz (14. Juni 2011)</li>
<li>Universität St. Gallen, Tâgung Öffentliches Personalrecht, Referat zu «Verliebt am Arbeitsplatz» (25. November 2009, Casino Luzern)</li>
<li>Altstadtfest Aarau, Kurzauftritt/Lesung (20. September 2008, Kirchenplatz, 20:15 Uhr)</li>
<li>Swiss Prevention Center, Auftritt anlässlich der Eröffnung (28. Februar 2008, 10:30 Uhr, Nottwil)</li>
<li>Aargauische Frauenzentrale, Vortrag zu «Time-out im Grossen und im Kleinen» (6. September 2007, 18:30 Uhr, Koster Fahr)</li>
<li>Buchhandlung Meissner: Lesung/Feierabendtalk innerhalb der Reihe «Monat der Arbeit» (15. Mai 2007, 19:30 Uhr, Aarau)</li>
<li>Forum/Bistro Philosophe, Vortrag  (7. Juli 2006, 20:00 Uhr, Dielsdorf)</li>
<li>Nationale Tagung für Betriebliche Gesundheitsförderung 2006, Symposium zu «Time-out» (9. März 2006, Université de Fribourg)</li>
<li>FemScript: Teilnahme an der Lesung zu Neuerscheinungen (5. November 2005, Buchhandlung Stauffacher, Bern)</li>
<li>Juventus Schulen: «Die Kunst des Nichtstuns», Ansprache zur Diplomfeier (15. Juli 2005, 18.00, Fraumünster Zürich)</li>
<li>SMC CreActiv Obersee: «Kreative Auszeit, erfolgreiche Rückkehr», Podiumsgespräch (4. Juli 2005, 20.00, Seedamm Plaza, Pfäffikon)</li>
<li>Ausbilder-Forum 2005: Referat «Timeout &#8211; Tun, wovon andere nur träumen» (2. Juni 2005, 13:30 Uhr, Burgdorf)</li>
<li>Buch Basel: Auftritt im Sachbuchforum «Best of Beobachter», Moderation: Patrick Rohr (7. Mai 2005, Messe Basel)</li>
</ul>


<p></p>

<p>Stadtbibliothek Germering, Interdisziplinäres Kultur-happening, 1. Oktober 2022 Radio LORA, München, Literatur-Verhör (Werkkreis Literatur der Arbeitswelt, 8. April 2022 und 8. Juni 2018, ferner 14. Februar 2014 und 13. Dezember 2013) BMS Winterthur, Diplomrede (8. Juli 2016) COALmine Winterthur, «Von Auschwitz nach Beverly Hills», Vernissage des Buchs von Marton Stark und Heinz Bachmann (19. November, 19:00 Uhr) [&hellip;]</p>
