{"id":181,"date":"2013-10-16T10:13:32","date_gmt":"2013-10-16T10:13:32","guid":{"rendered":"http:\/\/karin.unkrig.de\/?page_id=181"},"modified":"2017-08-27T20:11:15","modified_gmt":"2017-08-27T20:11:15","slug":"drei-minuten-fur-eine-illusion","status":"publish","type":"page","link":"http:\/\/karin.unkrig.de\/?page_id=181","title":{"rendered":"Drei Minuten f\u00fcr eine Illusion"},"content":{"rendered":"<p><img loading=\"lazy\" decoding=\"async\" class=\"alignright size-medium wp-image-189\" src=\"http:\/\/karin.unkrig.de\/wp-content\/uploads\/2013\/10\/illusion-182x300.jpg\" alt=\"illusion\" width=\"182\" height=\"300\" \/><\/p>\n<p>Es ist alles so perfekt &#8211; und doch oft nur T\u00e4uschung! Zwar produziert die Nanotechnologie mittlerweile<\/p>\n<ul>\n<li>eine\u00a0Sonnencr\u00e8me, die selten schmiert,<\/li>\n<li>einen\u00a0Tennisball, dem nie die Luft ausgeht,<\/li>\n<li>einen\u00a0Geb\u00e4udeanstrich, der immer sauberer wird.<\/li>\n<\/ul>\n<p>Neue Produkte, revolution\u00e4re L\u00f6sungen stehen vor dem Durchbruch. Und wenn nicht, springt die Werbung ein! Hilft publikumswirksam nach, wo es mit der Sensation hapert. Inszeniert eine tolle Geschichte, wie bei<\/p>\n<ul>\n<li>der Piemont-Kirsche, welche angeblich in jedem Mon-Ch\u00e9rie steckt (nur: als eigene Sorte existiert sie nicht. Die Fr\u00fcchte stammen aus halb Europa).<\/li>\n<li>der Carmagnola-Mine, welche Tic-Tac von anderen Bonbons unterscheidet (Botanikern ist die Pflanze unbekannt. Selbst wenn sie unwiderstehlich frischen Atem erzeugt, &#8222;Carmagnola&#8220; heisst dagegen eine Stadt nahe Turin.)<\/li>\n<li>den byzantinischen K\u00f6nigsn\u00fcssen, welche als &#8222;Ferrero Rocher&#8220; selbst James Bond verzaubern. (Nuss-Importeure haben noch nie von dieser Sorte geh\u00f6rt .)<\/li>\n<\/ul>\n<h2>Die sch\u00f6nste Zeit im Jahr<\/h2>\n<p>Das mag ja noch am\u00fcsant sein. Wer glaubt denn schon, was die Fernseh-Spots erz\u00e4hlen? Ein Glas Milch in einen Schokoriegel gepresst, Herr Kaiser nie um einen Kredit verlegen, Traumurlaub auch f\u00fcr dich. Wenn die Anpreisung jedoch die Ferien vermiest, h\u00f6rt der Spass auf. Das Europ\u00e4ische Verbraucherzentrum hat im Fr\u00fchjahr 2003<br \/>\nzusammengestellt, was sich hinter Katalog-Formulierungen verbirgt:<\/p>\n<ul>\n<li>&#8222;zentrale Lage&#8220; (mit Verkehrsl\u00e4rm, Flugzeugbrausen etc. ist zu rechnen)<\/li>\n<li>&#8222;aufstrebende Gegend&#8220; (unterentwickelte Infrastruktur, Vielzahl von Baustellen)<\/li>\n<li>&#8222;zur Meeresseite hin&#8220; (der Blick geht zwar Richtung Ozean, es stehen indes zwei H\u00e4userzeilen davor)<\/li>\n<li>&#8222;naturbelassener&#8220; Strand (ungepflegt, Kiesel oder Stein statt Sand)<\/li>\n<li>&#8222;Idylle in ruhiger Lage&#8220; (abgeschieden, kaum erreichbar)<\/li>\n<li>&#8222;zweckm\u00e4ssig eingerichtet&#8220; (ohne Komfort, einfachste M\u00f6blierung).<\/li>\n<\/ul>\n<h2>Sun, Fairy, Pril<\/h2>\n<p>Dann lieber echte Fake. Zum Beispiel das Streichholz-Licht aus Messing, bei welchem ein Docht Lampen\u00f6l aus dem Kubus saugt (kein Streichholz, aber es brennt). Oder die aufspr\u00fchbare Strumpfhose aus Japan. Dose sch\u00fctteln, auftragen, fertig. Nie wieder Laufmaschen!<br \/>\nBis die Sensation bei uns erh\u00e4ltlich ist, am\u00fcsiere ich mich ob des medialen Wettsp\u00fclens von Villariba und Villabajo. Die spanischen Ferienorte gibt es auf keiner Karte zu finden. Den siegreichen Fettl\u00f6ser indes in jedem Supermarkt.<\/p>\n<p>&nbsp;<\/p>\n","protected":false},"excerpt":{"rendered":"<p>Es ist alles so perfekt &#8211; und doch oft nur T\u00e4uschung! Zwar produziert die Nanotechnologie mittlerweile eine\u00a0Sonnencr\u00e8me, die selten schmiert, einen\u00a0Tennisball, dem nie die Luft ausgeht, einen\u00a0Geb\u00e4udeanstrich, der immer sauberer wird. Neue Produkte, revolution\u00e4re L\u00f6sungen stehen vor dem Durchbruch. Und wenn nicht, springt die Werbung ein! Hilft publikumswirksam nach, wo es mit der Sensation hapert. [&hellip;]<\/p>\n","protected":false},"author":2,"featured_media":0,"parent":0,"menu_order":0,"comment_status":"open","ping_status":"open","template":"","meta":{"footnotes":""},"_links":{"self":[{"href":"http:\/\/karin.unkrig.de\/index.php?rest_route=\/wp\/v2\/pages\/181"}],"collection":[{"href":"http:\/\/karin.unkrig.de\/index.php?rest_route=\/wp\/v2\/pages"}],"about":[{"href":"http:\/\/karin.unkrig.de\/index.php?rest_route=\/wp\/v2\/types\/page"}],"author":[{"embeddable":true,"href":"http:\/\/karin.unkrig.de\/index.php?rest_route=\/wp\/v2\/users\/2"}],"replies":[{"embeddable":true,"href":"http:\/\/karin.unkrig.de\/index.php?rest_route=%2Fwp%2Fv2%2Fcomments&post=181"}],"version-history":[{"count":4,"href":"http:\/\/karin.unkrig.de\/index.php?rest_route=\/wp\/v2\/pages\/181\/revisions"}],"predecessor-version":[{"id":1507,"href":"http:\/\/karin.unkrig.de\/index.php?rest_route=\/wp\/v2\/pages\/181\/revisions\/1507"}],"wp:attachment":[{"href":"http:\/\/karin.unkrig.de\/index.php?rest_route=%2Fwp%2Fv2%2Fmedia&parent=181"}],"curies":[{"name":"wp","href":"https:\/\/api.w.org\/{rel}","templated":true}]}}