{"id":23,"date":"2013-10-16T05:11:08","date_gmt":"2013-10-16T05:11:08","guid":{"rendered":"http:\/\/karin.unkrig.de\/?page_id=23"},"modified":"2020-11-08T17:51:07","modified_gmt":"2020-11-08T17:51:07","slug":"publikationen","status":"publish","type":"page","link":"http:\/\/karin.unkrig.de\/?page_id=23","title":{"rendered":"Publikationen"},"content":{"rendered":"<p><img loading=\"lazy\" decoding=\"async\" class=\"alignright size-full wp-image-91\" src=\"http:\/\/karin.unkrig.de\/wp-content\/uploads\/2013\/10\/Buecher.jpg\" alt=\"Buecher\" width=\"180\" height=\"138\" \/><\/p>\n<p><a href=\"http:\/\/karin.unkrig.de\/?page_id=265\">B\u00fccher<\/a><br \/>\n<a href=\"http:\/\/karin.unkrig.de\/?page_id=266\">H\u00f6rb\u00fccher\/CD<\/a><br \/>\n<a href=\"http:\/\/karin.unkrig.de\/?page_id=269\">Brosch\u00fcren<\/a><br \/>\n<a href=\"http:\/\/karin.unkrig.de\/?page_id=288\">Lehrmittel<\/a><br \/>\n<a href=\"http:\/\/karin.unkrig.de\/?page_id=268\">Anthologien<\/a><br \/>\n<a href=\"http:\/\/karin.unkrig.de\/?page_id=2223\">Fachartikel<\/a><br \/>\n<a title=\"Kolumnen\" href=\"http:\/\/karin.unkrig.de\/?page_id=605\">Kolumnen<\/a><br \/>\n<a title=\"Kulturjournalismus\" href=\"http:\/\/karin.unkrig.de\/?page_id=654\">Kulturjournalismus<\/a><\/p>\n","protected":false},"excerpt":{"rendered":"<p>B\u00fccher H\u00f6rb\u00fccher\/CD Brosch\u00fcren Lehrmittel Anthologien Fachartikel Kolumnen Kulturjournalismus<\/p>\n","protected":false},"author":2,"featured_media":0,"parent":0,"menu_order":0,"comment_status":"open","ping_status":"open","template":"","meta":{"footnotes":""},"_links":{"self":[{"href":"http:\/\/karin.unkrig.de\/index.php?rest_route=\/wp\/v2\/pages\/23"}],"collection":[{"href":"http:\/\/karin.unkrig.de\/index.php?rest_route=\/wp\/v2\/pages"}],"about":[{"href":"http:\/\/karin.unkrig.de\/index.php?rest_route=\/wp\/v2\/types\/page"}],"author":[{"embeddable":true,"href":"http:\/\/karin.unkrig.de\/index.php?rest_route=\/wp\/v2\/users\/2"}],"replies":[{"embeddable":true,"href":"http:\/\/karin.unkrig.de\/index.php?rest_route=%2Fwp%2Fv2%2Fcomments&post=23"}],"version-history":[{"count":7,"href":"http:\/\/karin.unkrig.de\/index.php?rest_route=\/wp\/v2\/pages\/23\/revisions"}],"predecessor-version":[{"id":2236,"href":"http:\/\/karin.unkrig.de\/index.php?rest_route=\/wp\/v2\/pages\/23\/revisions\/2236"}],"wp:attachment":[{"href":"http:\/\/karin.unkrig.de\/index.php?rest_route=%2Fwp%2Fv2%2Fmedia&parent=23"}],"curies":[{"name":"wp","href":"https:\/\/api.w.org\/{rel}","templated":true}]}}