{"id":354,"date":"2013-10-17T06:56:29","date_gmt":"2013-10-17T06:56:29","guid":{"rendered":"http:\/\/karin.unkrig.de\/?page_id=354"},"modified":"2013-10-17T07:44:32","modified_gmt":"2013-10-17T07:44:32","slug":"vernissage_2005","status":"publish","type":"page","link":"http:\/\/karin.unkrig.de\/?page_id=354","title":{"rendered":"Fotos 2. Vernissage 2005"},"content":{"rendered":"<table width=\"100%\" border=\"0\" cellspacing=\"0\" cellpadding=\"2\">\n<tbody>\n<tr>\n<td valign=\"top\"><strong>Plakat zum Auftakt<\/strong><strong><img loading=\"lazy\" decoding=\"async\" class=\"alignleft size-full wp-image-396\" alt=\"MutZurAuszeit\" src=\"http:\/\/karin.unkrig.de\/wp-content\/uploads\/2013\/10\/MutZurAuszeit.jpg\" width=\"280\" height=\"397\" srcset=\"http:\/\/karin.unkrig.de\/wp-content\/uploads\/2013\/10\/MutZurAuszeit.jpg 280w, http:\/\/karin.unkrig.de\/wp-content\/uploads\/2013\/10\/MutZurAuszeit-211x300.jpg 211w\" sizes=\"(max-width: 280px) 100vw, 280px\" \/><\/strong>Aufbruch:<br \/>\nReiseschriftsteller sind rastlos<br \/>\nReisende Schriftsteller schlaflos.<br \/>\nUnd solche, die \u00fcbers Reisen schreiben? M\u00f6chten gleich wieder losziehen<br \/>\n&#8230;<br \/>\nDoch vorerst wird gefeiert! 18. M\u00e4rz: Fr\u00fchlingsbeginn, die<br \/>\nFirmengr\u00fcndung und eben den Zweitling. Klein, kompakt, im Pocketformat.<\/td>\n<\/tr>\n<tr>\n<td valign=\"top\"><img loading=\"lazy\" decoding=\"async\" class=\"alignleft size-full wp-image-397\" alt=\"img06\" src=\"http:\/\/karin.unkrig.de\/wp-content\/uploads\/2013\/10\/img06.jpg\" width=\"280\" height=\"280\" srcset=\"http:\/\/karin.unkrig.de\/wp-content\/uploads\/2013\/10\/img06.jpg 280w, http:\/\/karin.unkrig.de\/wp-content\/uploads\/2013\/10\/img06-150x150.jpg 150w\" sizes=\"(max-width: 280px) 100vw, 280px\" \/><br \/>\nIn Charge: Simone Ammann<\/td>\n<\/tr>\n<tr>\n<td valign=\"top\"><img loading=\"lazy\" decoding=\"async\" class=\"alignleft size-full wp-image-398\" alt=\"img01\" src=\"http:\/\/karin.unkrig.de\/wp-content\/uploads\/2013\/10\/img01.jpg\" width=\"280\" height=\"280\" srcset=\"http:\/\/karin.unkrig.de\/wp-content\/uploads\/2013\/10\/img01.jpg 280w, http:\/\/karin.unkrig.de\/wp-content\/uploads\/2013\/10\/img01-150x150.jpg 150w\" sizes=\"(max-width: 280px) 100vw, 280px\" \/><br \/>\nDer Fotograf: Tobias Obrist<\/td>\n<\/tr>\n<tr>\n<td valign=\"top\"><img loading=\"lazy\" decoding=\"async\" class=\"alignleft size-full wp-image-399\" alt=\"img08\" src=\"http:\/\/karin.unkrig.de\/wp-content\/uploads\/2013\/10\/img08.jpg\" width=\"280\" height=\"226\" \/><br \/>\nSpannende Runde. Mittendrin: Esther B\u00f6sch<\/td>\n<\/tr>\n<tr>\n<td valign=\"top\"><img loading=\"lazy\" decoding=\"async\" class=\"alignleft size-full wp-image-400\" alt=\"img07\" src=\"http:\/\/karin.unkrig.de\/wp-content\/uploads\/2013\/10\/img07.jpg\" width=\"280\" height=\"280\" srcset=\"http:\/\/karin.unkrig.de\/wp-content\/uploads\/2013\/10\/img07.jpg 280w, http:\/\/karin.unkrig.de\/wp-content\/uploads\/2013\/10\/img07-150x150.jpg 150w\" sizes=\"(max-width: 280px) 100vw, 280px\" \/><br \/>\nZauberfrau, Englisch-Talent und Autorin<\/td>\n<\/tr>\n<tr>\n<td valign=\"top\"><img loading=\"lazy\" decoding=\"async\" class=\"alignleft size-full wp-image-401\" alt=\"img14\" src=\"http:\/\/karin.unkrig.de\/wp-content\/uploads\/2013\/10\/img14.jpg\" width=\"280\" height=\"207\" \/><br \/>\nJetzt wollen wirs wissen!<\/td>\n<\/tr>\n<tr>\n<td valign=\"top\"><img loading=\"lazy\" decoding=\"async\" class=\"alignleft size-full wp-image-402\" alt=\"img02\" src=\"http:\/\/karin.unkrig.de\/wp-content\/uploads\/2013\/10\/img02.jpg\" width=\"280\" height=\"250\" \/><br \/>\nPr\u00fcfender Blick: Mieke und Markus<\/td>\n<\/tr>\n<tr>\n<td valign=\"top\"><img loading=\"lazy\" decoding=\"async\" class=\"alignleft size-full wp-image-403\" alt=\"img11\" src=\"http:\/\/karin.unkrig.de\/wp-content\/uploads\/2013\/10\/img11.jpg\" width=\"280\" height=\"280\" srcset=\"http:\/\/karin.unkrig.de\/wp-content\/uploads\/2013\/10\/img11.jpg 280w, http:\/\/karin.unkrig.de\/wp-content\/uploads\/2013\/10\/img11-150x150.jpg 150w\" sizes=\"(max-width: 280px) 100vw, 280px\" \/><br \/>\nAus Basel angereist: Claudia Gomm<\/td>\n<\/tr>\n<tr>\n<td valign=\"top\"><img loading=\"lazy\" decoding=\"async\" class=\"alignleft size-full wp-image-404\" alt=\"img10\" src=\"http:\/\/karin.unkrig.de\/wp-content\/uploads\/2013\/10\/img10.jpg\" width=\"280\" height=\"280\" srcset=\"http:\/\/karin.unkrig.de\/wp-content\/uploads\/2013\/10\/img10.jpg 280w, http:\/\/karin.unkrig.de\/wp-content\/uploads\/2013\/10\/img10-150x150.jpg 150w\" sizes=\"(max-width: 280px) 100vw, 280px\" \/><br \/>\nDer j\u00fcngste Besucher: Silvano Nadalet<\/td>\n<\/tr>\n<tr>\n<td valign=\"top\"><img loading=\"lazy\" decoding=\"async\" class=\"alignleft size-full wp-image-405\" alt=\"img04\" src=\"http:\/\/karin.unkrig.de\/wp-content\/uploads\/2013\/10\/img04.jpg\" width=\"280\" height=\"159\" \/><br \/>\nZahlreiche Geschenke &#8230;<\/td>\n<\/tr>\n<tr>\n<td valign=\"top\"><img loading=\"lazy\" decoding=\"async\" class=\"alignleft size-full wp-image-406\" alt=\"img09\" src=\"http:\/\/karin.unkrig.de\/wp-content\/uploads\/2013\/10\/img09.jpg\" width=\"280\" height=\"280\" srcset=\"http:\/\/karin.unkrig.de\/wp-content\/uploads\/2013\/10\/img09.jpg 280w, http:\/\/karin.unkrig.de\/wp-content\/uploads\/2013\/10\/img09-150x150.jpg 150w\" sizes=\"(max-width: 280px) 100vw, 280px\" \/><br \/>\n&#8230; Blumen und\u00a0Gestecke<\/td>\n<\/tr>\n<tr>\n<td valign=\"top\"><img loading=\"lazy\" decoding=\"async\" class=\"alignleft size-full wp-image-407\" alt=\"img03\" src=\"http:\/\/karin.unkrig.de\/wp-content\/uploads\/2013\/10\/img03.jpg\" width=\"280\" height=\"280\" srcset=\"http:\/\/karin.unkrig.de\/wp-content\/uploads\/2013\/10\/img03.jpg 280w, http:\/\/karin.unkrig.de\/wp-content\/uploads\/2013\/10\/img03-150x150.jpg 150w\" sizes=\"(max-width: 280px) 100vw, 280px\" \/><br \/>\nVino (nebst Champagner, Bier, Mineral) &#8230;<\/td>\n<\/tr>\n<tr>\n<td valign=\"top\"><img loading=\"lazy\" decoding=\"async\" class=\"alignleft size-full wp-image-408\" alt=\"img12\" src=\"http:\/\/karin.unkrig.de\/wp-content\/uploads\/2013\/10\/img12.jpg\" width=\"280\" height=\"397\" srcset=\"http:\/\/karin.unkrig.de\/wp-content\/uploads\/2013\/10\/img12.jpg 280w, http:\/\/karin.unkrig.de\/wp-content\/uploads\/2013\/10\/img12-211x300.jpg 211w\" sizes=\"(max-width: 280px) 100vw, 280px\" \/><br \/>\n&#8230; und nat\u00fcrlich Flip Flops!<\/td>\n<\/tr>\n<tr>\n<td valign=\"top\"><img loading=\"lazy\" decoding=\"async\" class=\"alignleft size-full wp-image-409\" alt=\"img13\" src=\"http:\/\/karin.unkrig.de\/wp-content\/uploads\/2013\/10\/img13.jpg\" width=\"280\" height=\"280\" srcset=\"http:\/\/karin.unkrig.de\/wp-content\/uploads\/2013\/10\/img13.jpg 280w, http:\/\/karin.unkrig.de\/wp-content\/uploads\/2013\/10\/img13-150x150.jpg 150w\" sizes=\"(max-width: 280px) 100vw, 280px\" \/><br \/>\nAm Schluss trug auch er Krawatte: Frank Ammann<\/td>\n<\/tr>\n<\/tbody>\n<\/table>\n","protected":false},"excerpt":{"rendered":"<p>Plakat zum AuftaktAufbruch: Reiseschriftsteller sind rastlos Reisende Schriftsteller schlaflos. Und solche, die \u00fcbers Reisen schreiben? M\u00f6chten gleich wieder losziehen &#8230; Doch vorerst wird gefeiert! 18. M\u00e4rz: Fr\u00fchlingsbeginn, die Firmengr\u00fcndung und eben den Zweitling. Klein, kompakt, im Pocketformat. In Charge: Simone Ammann Der Fotograf: Tobias Obrist Spannende Runde. Mittendrin: Esther B\u00f6sch Zauberfrau, Englisch-Talent und Autorin Jetzt [&hellip;]<\/p>\n","protected":false},"author":2,"featured_media":0,"parent":0,"menu_order":0,"comment_status":"open","ping_status":"open","template":"","meta":{"footnotes":""},"_links":{"self":[{"href":"http:\/\/karin.unkrig.de\/index.php?rest_route=\/wp\/v2\/pages\/354"}],"collection":[{"href":"http:\/\/karin.unkrig.de\/index.php?rest_route=\/wp\/v2\/pages"}],"about":[{"href":"http:\/\/karin.unkrig.de\/index.php?rest_route=\/wp\/v2\/types\/page"}],"author":[{"embeddable":true,"href":"http:\/\/karin.unkrig.de\/index.php?rest_route=\/wp\/v2\/users\/2"}],"replies":[{"embeddable":true,"href":"http:\/\/karin.unkrig.de\/index.php?rest_route=%2Fwp%2Fv2%2Fcomments&post=354"}],"version-history":[{"count":6,"href":"http:\/\/karin.unkrig.de\/index.php?rest_route=\/wp\/v2\/pages\/354\/revisions"}],"predecessor-version":[{"id":413,"href":"http:\/\/karin.unkrig.de\/index.php?rest_route=\/wp\/v2\/pages\/354\/revisions\/413"}],"wp:attachment":[{"href":"http:\/\/karin.unkrig.de\/index.php?rest_route=%2Fwp%2Fv2%2Fmedia&parent=354"}],"curies":[{"name":"wp","href":"https:\/\/api.w.org\/{rel}","templated":true}]}}

<table width="100%" border="0" cellspacing="0" cellpadding="2">
<tbody>
<tr>
<td valign="top"><strong>Plakat zum Auftakt</strong><strong><img loading="lazy" decoding="async" class="alignleft size-full wp-image-396" alt="MutZurAuszeit" src="http://karin.unkrig.de/wp-content/uploads/2013/10/MutZurAuszeit.jpg" width="280" height="397" srcset="http://karin.unkrig.de/wp-content/uploads/2013/10/MutZurAuszeit.jpg 280w, http://karin.unkrig.de/wp-content/uploads/2013/10/MutZurAuszeit-211x300.jpg 211w" sizes="(max-width: 280px) 100vw, 280px" /></strong>Aufbruch:<br />
Reiseschriftsteller sind rastlos<br />
Reisende Schriftsteller schlaflos.<br />
Und solche, die übers Reisen schreiben? Möchten gleich wieder losziehen<br />
&#8230;<br />
Doch vorerst wird gefeiert! 18. März: Frühlingsbeginn, die<br />
Firmengründung und eben den Zweitling. Klein, kompakt, im Pocketformat.</td>
</tr>
<tr>
<td valign="top"><img loading="lazy" decoding="async" class="alignleft size-full wp-image-397" alt="img06" src="http://karin.unkrig.de/wp-content/uploads/2013/10/img06.jpg" width="280" height="280" srcset="http://karin.unkrig.de/wp-content/uploads/2013/10/img06.jpg 280w, http://karin.unkrig.de/wp-content/uploads/2013/10/img06-150x150.jpg 150w" sizes="(max-width: 280px) 100vw, 280px" /><br />
In Charge: Simone Ammann</td>
</tr>
<tr>
<td valign="top"><img loading="lazy" decoding="async" class="alignleft size-full wp-image-398" alt="img01" src="http://karin.unkrig.de/wp-content/uploads/2013/10/img01.jpg" width="280" height="280" srcset="http://karin.unkrig.de/wp-content/uploads/2013/10/img01.jpg 280w, http://karin.unkrig.de/wp-content/uploads/2013/10/img01-150x150.jpg 150w" sizes="(max-width: 280px) 100vw, 280px" /><br />
Der Fotograf: Tobias Obrist</td>
</tr>
<tr>
<td valign="top"><img loading="lazy" decoding="async" class="alignleft size-full wp-image-399" alt="img08" src="http://karin.unkrig.de/wp-content/uploads/2013/10/img08.jpg" width="280" height="226" /><br />
Spannende Runde. Mittendrin: Esther Bösch</td>
</tr>
<tr>
<td valign="top"><img loading="lazy" decoding="async" class="alignleft size-full wp-image-400" alt="img07" src="http://karin.unkrig.de/wp-content/uploads/2013/10/img07.jpg" width="280" height="280" srcset="http://karin.unkrig.de/wp-content/uploads/2013/10/img07.jpg 280w, http://karin.unkrig.de/wp-content/uploads/2013/10/img07-150x150.jpg 150w" sizes="(max-width: 280px) 100vw, 280px" /><br />
Zauberfrau, Englisch-Talent und Autorin</td>
</tr>
<tr>
<td valign="top"><img loading="lazy" decoding="async" class="alignleft size-full wp-image-401" alt="img14" src="http://karin.unkrig.de/wp-content/uploads/2013/10/img14.jpg" width="280" height="207" /><br />
Jetzt wollen wirs wissen!</td>
</tr>
<tr>
<td valign="top"><img loading="lazy" decoding="async" class="alignleft size-full wp-image-402" alt="img02" src="http://karin.unkrig.de/wp-content/uploads/2013/10/img02.jpg" width="280" height="250" /><br />
Prüfender Blick: Mieke und Markus</td>
</tr>
<tr>
<td valign="top"><img loading="lazy" decoding="async" class="alignleft size-full wp-image-403" alt="img11" src="http://karin.unkrig.de/wp-content/uploads/2013/10/img11.jpg" width="280" height="280" srcset="http://karin.unkrig.de/wp-content/uploads/2013/10/img11.jpg 280w, http://karin.unkrig.de/wp-content/uploads/2013/10/img11-150x150.jpg 150w" sizes="(max-width: 280px) 100vw, 280px" /><br />
Aus Basel angereist: Claudia Gomm</td>
</tr>
<tr>
<td valign="top"><img loading="lazy" decoding="async" class="alignleft size-full wp-image-404" alt="img10" src="http://karin.unkrig.de/wp-content/uploads/2013/10/img10.jpg" width="280" height="280" srcset="http://karin.unkrig.de/wp-content/uploads/2013/10/img10.jpg 280w, http://karin.unkrig.de/wp-content/uploads/2013/10/img10-150x150.jpg 150w" sizes="(max-width: 280px) 100vw, 280px" /><br />
Der jüngste Besucher: Silvano Nadalet</td>
</tr>
<tr>
<td valign="top"><img loading="lazy" decoding="async" class="alignleft size-full wp-image-405" alt="img04" src="http://karin.unkrig.de/wp-content/uploads/2013/10/img04.jpg" width="280" height="159" /><br />
Zahlreiche Geschenke &#8230;</td>
</tr>
<tr>
<td valign="top"><img loading="lazy" decoding="async" class="alignleft size-full wp-image-406" alt="img09" src="http://karin.unkrig.de/wp-content/uploads/2013/10/img09.jpg" width="280" height="280" srcset="http://karin.unkrig.de/wp-content/uploads/2013/10/img09.jpg 280w, http://karin.unkrig.de/wp-content/uploads/2013/10/img09-150x150.jpg 150w" sizes="(max-width: 280px) 100vw, 280px" /><br />
&#8230; Blumen und Gestecke</td>
</tr>
<tr>
<td valign="top"><img loading="lazy" decoding="async" class="alignleft size-full wp-image-407" alt="img03" src="http://karin.unkrig.de/wp-content/uploads/2013/10/img03.jpg" width="280" height="280" srcset="http://karin.unkrig.de/wp-content/uploads/2013/10/img03.jpg 280w, http://karin.unkrig.de/wp-content/uploads/2013/10/img03-150x150.jpg 150w" sizes="(max-width: 280px) 100vw, 280px" /><br />
Vino (nebst Champagner, Bier, Mineral) &#8230;</td>
</tr>
<tr>
<td valign="top"><img loading="lazy" decoding="async" class="alignleft size-full wp-image-408" alt="img12" src="http://karin.unkrig.de/wp-content/uploads/2013/10/img12.jpg" width="280" height="397" srcset="http://karin.unkrig.de/wp-content/uploads/2013/10/img12.jpg 280w, http://karin.unkrig.de/wp-content/uploads/2013/10/img12-211x300.jpg 211w" sizes="(max-width: 280px) 100vw, 280px" /><br />
&#8230; und natürlich Flip Flops!</td>
</tr>
<tr>
<td valign="top"><img loading="lazy" decoding="async" class="alignleft size-full wp-image-409" alt="img13" src="http://karin.unkrig.de/wp-content/uploads/2013/10/img13.jpg" width="280" height="280" srcset="http://karin.unkrig.de/wp-content/uploads/2013/10/img13.jpg 280w, http://karin.unkrig.de/wp-content/uploads/2013/10/img13-150x150.jpg 150w" sizes="(max-width: 280px) 100vw, 280px" /><br />
Am Schluss trug auch er Krawatte: Frank Ammann</td>
</tr>
</tbody>
</table>

<p>Plakat zum AuftaktAufbruch: Reiseschriftsteller sind rastlos Reisende Schriftsteller schlaflos. Und solche, die übers Reisen schreiben? Möchten gleich wieder losziehen &#8230; Doch vorerst wird gefeiert! 18. März: Frühlingsbeginn, die Firmengründung und eben den Zweitling. Klein, kompakt, im Pocketformat. In Charge: Simone Ammann Der Fotograf: Tobias Obrist Spannende Runde. Mittendrin: Esther Bösch Zauberfrau, Englisch-Talent und Autorin Jetzt [&hellip;]</p>
