{"id":654,"date":"2014-02-02T13:56:00","date_gmt":"2014-02-02T13:56:00","guid":{"rendered":"http:\/\/karin.unkrig.de\/?page_id=654"},"modified":"2025-03-23T16:48:11","modified_gmt":"2025-03-23T16:48:11","slug":"kulturjournalismus","status":"publish","type":"page","link":"http:\/\/karin.unkrig.de\/?page_id=654","title":{"rendered":"Kulturjournalismus"},"content":{"rendered":"<p><img loading=\"lazy\" decoding=\"async\" class=\"alignright size-thumbnail wp-image-406\" src=\"http:\/\/karin.unkrig.de\/wp-content\/uploads\/2013\/10\/img09-150x150.jpg\" alt=\"img09\" width=\"150\" height=\"150\" srcset=\"http:\/\/karin.unkrig.de\/wp-content\/uploads\/2013\/10\/img09-150x150.jpg 150w, http:\/\/karin.unkrig.de\/wp-content\/uploads\/2013\/10\/img09.jpg 280w\" sizes=\"(max-width: 150px) 100vw, 150px\" \/>Gr\u00fcn ist die Farbe der Hoffnung: Rezensionen, Artikel und Beitr\u00e4ge<\/p>\n<p>in Print- und Online-Publikationen.<\/p>\n<p><a href=\"http:\/\/karin.unkrig.de\/wp-content\/uploads\/2014\/02\/Museum-Aktuell.pdf\">Museum Aktuell<\/a><br \/>\n<a href=\"http:\/\/karin.unkrig.de\/wp-content\/uploads\/2014\/02\/Kunst-hassen-eine-entt\u00e4uschte-Liebe-Museen.pdf\">Kunst hassen &#8211; eine entt\u00e4uschte Liebe (Museen)<\/a><br \/>\n<a href=\"http:\/\/karin.unkrig.de\/wp-content\/uploads\/2023\/01\/2022_12.pdf\">HN 2022-12 Interview Claudia Storz<\/a><br \/>\n<a href=\"http:\/\/karin.unkrig.de\/wp-content\/uploads\/2014\/02\/AZ-2010-07-02-Royales_ungewohnt.pdf\">AZ 2010-07-02 Royales_ungewohnt<\/a><br \/>\n<a href=\"http:\/\/karin.unkrig.de\/wp-content\/uploads\/2014\/02\/AZ-2011-07-12-M\u00e4nnerroman.pdf\">AZ 2011-07-12 M\u00e4nnerroman<\/a><br \/>\n<a href=\"http:\/\/karin.unkrig.de\/wp-content\/uploads\/2014\/02\/B\u00fccherpick-2009-Fast-nichts-ist-beim-Schreiben-Zufall.pdf\">B\u00fccherpick 2009 Fast nichts ist beim Schreiben Zufall<\/a><br \/>\n<a href=\"http:\/\/karin.unkrig.de\/wp-content\/uploads\/2014\/02\/B\u00fccherpick-2009-Powerfrauen-Frauenpower-Seite-1.pdf\">B\u00fccherpick 2009 Powerfrauen &#8211; Frauenpower Seite 1<\/a><br \/>\n<a href=\"http:\/\/karin.unkrig.de\/wp-content\/uploads\/2014\/02\/B\u00fccherpick-2009-Powerfrauen-Frauenpower-Seite-2.pdf\">B\u00fccherpick 2009 Powerfrauen &#8211; Frauenpower Seite 2<\/a><br \/>\n<a href=\"http:\/\/karin.unkrig.de\/wp-content\/uploads\/2014\/02\/28-29-KU-Menno-Wigman.pdf\">28-29-KU-Menno Wigman<\/a><br \/>\n<a href=\"http:\/\/karin.unkrig.de\/wp-content\/uploads\/2014\/02\/KU-2012-25-WiederL-LOW.pdf\">KU-2012-25 WiederL-LOW<\/a><br \/>\n<a href=\"http:\/\/karin.unkrig.de\/wp-content\/uploads\/2014\/02\/KU-2013-08-WiederL-LOW.pdf\">KU-2013-08 WiederL-LOW<\/a><br \/>\n<a href=\"http:\/\/karin.unkrig.de\/wp-content\/uploads\/2014\/02\/KU-2013-17-Straub-LOW.pdf\">KU-2013-17 Straub-LOW<\/a><br \/>\n<a href=\"http:\/\/karin.unkrig.de\/wp-content\/uploads\/2014\/02\/KU-2013-20-WiederL-LOW.pdf\">KU-2013-20 WiederL-LOW<\/a><br \/>\n<a href=\"http:\/\/karin.unkrig.de\/wp-content\/uploads\/2014\/02\/KU-2013-22-Kramer-INS-LOW.pdf\">KU-2013-22 Kramer-INS-LOW<\/a><br \/>\n<a href=\"http:\/\/karin.unkrig.de\/wp-content\/uploads\/2014\/02\/30-KU-1217-Storz-LOW.pdf\"><span style=\"color: #0066cc;\">30-KU-1217-Storz-LOW<\/span><\/a><br \/>\n<a href=\"http:\/\/karin.unkrig.de\/wp-content\/uploads\/2014\/02\/30-KU-0515-Ploetschner-LOW-2.pdf\">30-KU-0515-Ploetschner-LOW (2)<\/a><br \/>\n<a href=\"http:\/\/karin.unkrig.de\/wp-content\/uploads\/2014\/02\/12-13-KU-0814-Schwellenangst-LOW.pdf\">12-13-KU-0814-Schwellenangst-LOW<\/a><br \/>\n<a href=\"http:\/\/karin.unkrig.de\/wp-content\/uploads\/2014\/02\/30-KU-1114-Lewitscharoff-LOW1.pdf\">30-KU-1114-Lewitscharoff-LOW<\/a><br \/>\n<a href=\"http:\/\/karin.unkrig.de\/wp-content\/uploads\/2014\/02\/30-KU-1314-Lyrik-LOW.pdf\">30-KU-1314-Lyrik-LOW<\/a><br \/>\n<a href=\"http:\/\/karin.unkrig.de\/wp-content\/uploads\/2014\/02\/28-KU-1315-Masciadri-LOW.pdf\">28-KU-1315-Masciadri-LOW<\/a><br \/>\n<a href=\"http:\/\/karin.unkrig.de\/wp-content\/uploads\/2014\/02\/30-KU-2015-Gerk-LOW-00000003.pdf\">30-KU-2015-Gerk-LOW (00000003)<\/a><br \/>\n<a href=\"http:\/\/karin.unkrig.de\/wp-content\/uploads\/2014\/02\/28-29-KU-2015-Ulrich-Waldis-LOW.pdf\">28-29-KU-2015-Ulrich-Waldis-LOW<\/a><br \/>\n<a href=\"http:\/\/karin.unkrig.de\/wp-content\/uploads\/2014\/02\/29-KU-0716-Coster-LOW.pdf\"><span style=\"color: #0066cc;\">29-KU-0716-Coster-LOW<\/span><\/a><br \/>\n<a href=\"http:\/\/karin.unkrig.de\/wp-content\/uploads\/2014\/02\/31-KU-2014-Flynn-Verne-LOW-3.pdf\">31-KU-2014-Flynn-Verne-LOW (3)<\/a><br \/>\n<a href=\"http:\/\/karin.unkrig.de\/wp-content\/uploads\/2014\/02\/28-29-KU-1316-Vann-KuOrte-LOW.pdf\"><span style=\"color: #0066cc;\">28-29-KU-1316-Vann-KuOrte-LOW<\/span><\/a><br \/>\n<a href=\"http:\/\/karin.unkrig.de\/wp-content\/uploads\/2014\/02\/30-KU-1616-Poschmann-LOW.pdf\"><span style=\"color: #0066cc;\">30-KU-1616-Poschmann-LOW<\/span><\/a><br \/>\n<a href=\"http:\/\/karin.unkrig.de\/wp-content\/uploads\/2014\/02\/28-29-KU-2217-Althaus-Carre-LOW.pdf\"><span style=\"color: #0066cc;\">28-29-KU-2217-Althaus-Carre-LOW<\/span><\/a><br \/>\n<a href=\"http:\/\/karin.unkrig.de\/wp-content\/uploads\/2014\/02\/Rubikon_2012-10-22_The_Sense_of_an_Idea.pdf\">Rubikon_2012-10-22_The_Sense_of_an_Idea<\/a><br \/>\n<a href=\"http:\/\/karin.unkrig.de\/wp-content\/uploads\/2014\/02\/Rubikon_2012-09-19_Zurueck_in_der_Wohlfuehloase.pdf\">Rubikon_2012-09-19_Zurueck_in_der_Wohlfuehloase<\/a><br \/>\n<a href=\"http:\/\/karin.unkrig.de\/wp-content\/uploads\/2014\/02\/30-KU-1414-Literaturklub-LOW.pdf\">30-KU-1414-Literaturklub-LOW<\/a><br \/>\n<a href=\"http:\/\/karin.unkrig.de\/wp-content\/uploads\/2014\/02\/30-KU-2114-Literaturclub-LOW.pdf\">30-KU-2114-Literaturclub-LOW<\/a><br \/>\n<a href=\"http:\/\/karin.unkrig.de\/wp-content\/uploads\/2014\/02\/31-KU-2014-Flynn-Verne-LOW-3.pdf\">31-KU-2014-Flynn-Verne-LOW (3)<\/a><br \/>\n<a href=\"http:\/\/karin.unkrig.de\/wp-content\/uploads\/2014\/01\/Sta-2009-08-25-Peter-Stamm.pdf\">Sta 2009-08-25 Peter Stamm<\/a><br \/>\n<a href=\"http:\/\/karin.unkrig.de\/wp-content\/uploads\/2014\/02\/KU-2012-25-Buechergutschein-LOW.pdf\">KU-2012-25 Buechergutschein-LOW<\/a><br \/>\n<a href=\"http:\/\/karin.unkrig.de\/wp-content\/uploads\/2025\/01\/2024-Dezember-Rezension-Dt.-Museum.pdf\">Tragik eines zu Unrecht Vergessenen (Arthur Sch\u00f6nberg), Rezension<\/a><br \/>\n<a href=\"http:\/\/karin.unkrig.de\/wp-content\/uploads\/2021\/03\/2021-Januar-Kunstraum-Lothringer.pdf\">Kunstraum Lothringer 13<\/a><br \/>\n<a href=\"http:\/\/karin.unkrig.de\/wp-content\/uploads\/2021\/03\/HN-2021-03-Experimentierfeld-mit-Open-Air.pdf\">Interview mit dem Generaldirektor des Deutschen Museums<\/a><br \/>\n<a href=\"http:\/\/karin.unkrig.de\/wp-content\/uploads\/2022\/01\/2021-Dezember-Villa-Stuck.pdf\">&#8222;Sound of Spaces&#8220;, Ausstellung Villa Stuck<\/a><br \/>\n<a href=\"http:\/\/karin.unkrig.de\/wp-content\/uploads\/2021\/10\/2021-Oktober-Seriencamp-1.pdf\">Hinweis Seriencamp Festival 2021<\/a><br \/>\n<a href=\"http:\/\/karin.unkrig.de\/wp-content\/uploads\/2024\/09\/2022-Maerz-TRANS-I-GOT-LIFE.pdf\">DVD &#8211; TRANS I GOT LIFE, das weite Spektrum der Transidentit\u00e4t<\/a><br \/>\n<a href=\"http:\/\/karin.unkrig.de\/wp-content\/uploads\/2024\/09\/2023-August-Film-Omas-Gegen-Rechts.pdf\">Filmtipp: Unerschrocken &#8211; Omas gegen Rechts<\/a><br \/>\n<a href=\"http:\/\/karin.unkrig.de\/wp-content\/uploads\/2024\/09\/2023-Oktober-Schwebende-Farben-und-Formen.pdf\">Ausstellung: &#8222;Schwebende Farben und Formen&#8220;<\/a><br \/>\n<a href=\"http:\/\/karin.unkrig.de\/wp-content\/uploads\/2024\/09\/2022-Januar-Atelier-METZ-K36.pdf\">Klang der leisen T\u00f6ne &#8211; Er\u00f6ffnung Atelier METZ.K36<\/a><br \/>\n<a href=\"http:\/\/karin.unkrig.de\/wp-content\/uploads\/2024\/09\/2022-Juni-Hoerspiel-Tod-was-soll-das.pdf\">H\u00f6rspiel: Tod, was soll das?<\/a><br \/>\n<a href=\"http:\/\/karin.unkrig.de\/wp-content\/uploads\/2024\/09\/2024-Juli-Boomer-treffen-Zoomer.pdf\">Workshop: &#8222;Boomer treffen Zoomer&#8220;<\/a><br \/>\n<a href=\"http:\/\/karin.unkrig.de\/wp-content\/uploads\/2025\/03\/2025-Maerz-Fotoprojekt-Mein-geliebtes-Haushausen-Guido-Krizowski.pdf\">&#8222;Einmal l\u00e4cheln, bitte&#8220; &#8211; Reportage eines Fotok\u00fcnstlers<\/a><br \/>\n<a href=\"http:\/\/karin.unkrig.de\/wp-content\/uploads\/2024\/09\/2022-Dezember-Buch-Claudia-Storz.pdf\">Im Verborgenen \u00fcberleben, Neuerscheinung von Claudia Storz<\/a><br \/>\n<a href=\"http:\/\/karin.unkrig.de\/wp-content\/uploads\/2024\/09\/2022-Oktober-Spott-spitz-spoettisch.pdf\">Spott &#8211; sp\u00f6ttisch &#8211; spitz, Neuerscheinung von Wolfram Hirche<\/a><br \/>\n<a href=\"http:\/\/karin.unkrig.de\/wp-content\/uploads\/2024\/09\/2022-Mai-Vom-Bankier-zum-Bierkoenig.pdf\">Vom Bankier zum Bierk\u00f6nig, Rezension<\/a><br \/>\n<a href=\"http:\/\/karin.unkrig.de\/wp-content\/uploads\/2021\/03\/2021-Februar-Rezension-Heimathorst.pdf\">Der Heimathorst oder Bayern ohne Lederhosen, Rezension<\/a><br \/>\n<a href=\"http:\/\/karin.unkrig.de\/wp-content\/uploads\/2024\/09\/2022-Februar-Haidhauser-Urgestein.pdf\">Potpourri eines Haidhauser Urgesteins, Rezension<\/a><\/p>\n","protected":false},"excerpt":{"rendered":"<p>Gr\u00fcn ist die Farbe der Hoffnung: Rezensionen, Artikel und Beitr\u00e4ge in Print- und Online-Publikationen. Museum Aktuell Kunst hassen &#8211; eine entt\u00e4uschte Liebe (Museen) HN 2022-12 Interview Claudia Storz AZ 2010-07-02 Royales_ungewohnt AZ 2011-07-12 M\u00e4nnerroman B\u00fccherpick 2009 Fast nichts ist beim Schreiben Zufall B\u00fccherpick 2009 Powerfrauen &#8211; Frauenpower Seite 1 B\u00fccherpick 2009 Powerfrauen &#8211; Frauenpower Seite [&hellip;]<\/p>\n","protected":false},"author":3,"featured_media":0,"parent":0,"menu_order":0,"comment_status":"open","ping_status":"open","template":"","meta":{"footnotes":""},"_links":{"self":[{"href":"http:\/\/karin.unkrig.de\/index.php?rest_route=\/wp\/v2\/pages\/654"}],"collection":[{"href":"http:\/\/karin.unkrig.de\/index.php?rest_route=\/wp\/v2\/pages"}],"about":[{"href":"http:\/\/karin.unkrig.de\/index.php?rest_route=\/wp\/v2\/types\/page"}],"author":[{"embeddable":true,"href":"http:\/\/karin.unkrig.de\/index.php?rest_route=\/wp\/v2\/users\/3"}],"replies":[{"embeddable":true,"href":"http:\/\/karin.unkrig.de\/index.php?rest_route=%2Fwp%2Fv2%2Fcomments&post=654"}],"version-history":[{"count":62,"href":"http:\/\/karin.unkrig.de\/index.php?rest_route=\/wp\/v2\/pages\/654\/revisions"}],"predecessor-version":[{"id":2842,"href":"http:\/\/karin.unkrig.de\/index.php?rest_route=\/wp\/v2\/pages\/654\/revisions\/2842"}],"wp:attachment":[{"href":"http:\/\/karin.unkrig.de\/index.php?rest_route=%2Fwp%2Fv2%2Fmedia&parent=654"}],"curies":[{"name":"wp","href":"https:\/\/api.w.org\/{rel}","templated":true}]}}

<p><img loading="lazy" decoding="async" class="alignright size-thumbnail wp-image-406" src="http://karin.unkrig.de/wp-content/uploads/2013/10/img09-150x150.jpg" alt="img09" width="150" height="150" srcset="http://karin.unkrig.de/wp-content/uploads/2013/10/img09-150x150.jpg 150w, http://karin.unkrig.de/wp-content/uploads/2013/10/img09.jpg 280w" sizes="(max-width: 150px) 100vw, 150px" />Grün ist die Farbe der Hoffnung: Rezensionen, Artikel und Beiträge</p>
<p>in Print- und Online-Publikationen.</p>
<p><a href="http://karin.unkrig.de/wp-content/uploads/2014/02/Museum-Aktuell.pdf">Museum Aktuell</a><br />
<a href="http://karin.unkrig.de/wp-content/uploads/2014/02/Kunst-hassen-eine-enttäuschte-Liebe-Museen.pdf">Kunst hassen &#8211; eine enttäuschte Liebe (Museen)</a><br />
<a href="http://karin.unkrig.de/wp-content/uploads/2023/01/2022_12.pdf">HN 2022-12 Interview Claudia Storz</a><br />
<a href="http://karin.unkrig.de/wp-content/uploads/2014/02/AZ-2010-07-02-Royales_ungewohnt.pdf">AZ 2010-07-02 Royales_ungewohnt</a><br />
<a href="http://karin.unkrig.de/wp-content/uploads/2014/02/AZ-2011-07-12-Männerroman.pdf">AZ 2011-07-12 Männerroman</a><br />
<a href="http://karin.unkrig.de/wp-content/uploads/2014/02/Bücherpick-2009-Fast-nichts-ist-beim-Schreiben-Zufall.pdf">Bücherpick 2009 Fast nichts ist beim Schreiben Zufall</a><br />
<a href="http://karin.unkrig.de/wp-content/uploads/2014/02/Bücherpick-2009-Powerfrauen-Frauenpower-Seite-1.pdf">Bücherpick 2009 Powerfrauen &#8211; Frauenpower Seite 1</a><br />
<a href="http://karin.unkrig.de/wp-content/uploads/2014/02/Bücherpick-2009-Powerfrauen-Frauenpower-Seite-2.pdf">Bücherpick 2009 Powerfrauen &#8211; Frauenpower Seite 2</a><br />
<a href="http://karin.unkrig.de/wp-content/uploads/2014/02/28-29-KU-Menno-Wigman.pdf">28-29-KU-Menno Wigman</a><br />
<a href="http://karin.unkrig.de/wp-content/uploads/2014/02/KU-2012-25-WiederL-LOW.pdf">KU-2012-25 WiederL-LOW</a><br />
<a href="http://karin.unkrig.de/wp-content/uploads/2014/02/KU-2013-08-WiederL-LOW.pdf">KU-2013-08 WiederL-LOW</a><br />
<a href="http://karin.unkrig.de/wp-content/uploads/2014/02/KU-2013-17-Straub-LOW.pdf">KU-2013-17 Straub-LOW</a><br />
<a href="http://karin.unkrig.de/wp-content/uploads/2014/02/KU-2013-20-WiederL-LOW.pdf">KU-2013-20 WiederL-LOW</a><br />
<a href="http://karin.unkrig.de/wp-content/uploads/2014/02/KU-2013-22-Kramer-INS-LOW.pdf">KU-2013-22 Kramer-INS-LOW</a><br />
<a href="http://karin.unkrig.de/wp-content/uploads/2014/02/30-KU-1217-Storz-LOW.pdf"><span style="color: #0066cc;">30-KU-1217-Storz-LOW</span></a><br />
<a href="http://karin.unkrig.de/wp-content/uploads/2014/02/30-KU-0515-Ploetschner-LOW-2.pdf">30-KU-0515-Ploetschner-LOW (2)</a><br />
<a href="http://karin.unkrig.de/wp-content/uploads/2014/02/12-13-KU-0814-Schwellenangst-LOW.pdf">12-13-KU-0814-Schwellenangst-LOW</a><br />
<a href="http://karin.unkrig.de/wp-content/uploads/2014/02/30-KU-1114-Lewitscharoff-LOW1.pdf">30-KU-1114-Lewitscharoff-LOW</a><br />
<a href="http://karin.unkrig.de/wp-content/uploads/2014/02/30-KU-1314-Lyrik-LOW.pdf">30-KU-1314-Lyrik-LOW</a><br />
<a href="http://karin.unkrig.de/wp-content/uploads/2014/02/28-KU-1315-Masciadri-LOW.pdf">28-KU-1315-Masciadri-LOW</a><br />
<a href="http://karin.unkrig.de/wp-content/uploads/2014/02/30-KU-2015-Gerk-LOW-00000003.pdf">30-KU-2015-Gerk-LOW (00000003)</a><br />
<a href="http://karin.unkrig.de/wp-content/uploads/2014/02/28-29-KU-2015-Ulrich-Waldis-LOW.pdf">28-29-KU-2015-Ulrich-Waldis-LOW</a><br />
<a href="http://karin.unkrig.de/wp-content/uploads/2014/02/29-KU-0716-Coster-LOW.pdf"><span style="color: #0066cc;">29-KU-0716-Coster-LOW</span></a><br />
<a href="http://karin.unkrig.de/wp-content/uploads/2014/02/31-KU-2014-Flynn-Verne-LOW-3.pdf">31-KU-2014-Flynn-Verne-LOW (3)</a><br />
<a href="http://karin.unkrig.de/wp-content/uploads/2014/02/28-29-KU-1316-Vann-KuOrte-LOW.pdf"><span style="color: #0066cc;">28-29-KU-1316-Vann-KuOrte-LOW</span></a><br />
<a href="http://karin.unkrig.de/wp-content/uploads/2014/02/30-KU-1616-Poschmann-LOW.pdf"><span style="color: #0066cc;">30-KU-1616-Poschmann-LOW</span></a><br />
<a href="http://karin.unkrig.de/wp-content/uploads/2014/02/28-29-KU-2217-Althaus-Carre-LOW.pdf"><span style="color: #0066cc;">28-29-KU-2217-Althaus-Carre-LOW</span></a><br />
<a href="http://karin.unkrig.de/wp-content/uploads/2014/02/Rubikon_2012-10-22_The_Sense_of_an_Idea.pdf">Rubikon_2012-10-22_The_Sense_of_an_Idea</a><br />
<a href="http://karin.unkrig.de/wp-content/uploads/2014/02/Rubikon_2012-09-19_Zurueck_in_der_Wohlfuehloase.pdf">Rubikon_2012-09-19_Zurueck_in_der_Wohlfuehloase</a><br />
<a href="http://karin.unkrig.de/wp-content/uploads/2014/02/30-KU-1414-Literaturklub-LOW.pdf">30-KU-1414-Literaturklub-LOW</a><br />
<a href="http://karin.unkrig.de/wp-content/uploads/2014/02/30-KU-2114-Literaturclub-LOW.pdf">30-KU-2114-Literaturclub-LOW</a><br />
<a href="http://karin.unkrig.de/wp-content/uploads/2014/02/31-KU-2014-Flynn-Verne-LOW-3.pdf">31-KU-2014-Flynn-Verne-LOW (3)</a><br />
<a href="http://karin.unkrig.de/wp-content/uploads/2014/01/Sta-2009-08-25-Peter-Stamm.pdf">Sta 2009-08-25 Peter Stamm</a><br />
<a href="http://karin.unkrig.de/wp-content/uploads/2014/02/KU-2012-25-Buechergutschein-LOW.pdf">KU-2012-25 Buechergutschein-LOW</a><br />
<a href="http://karin.unkrig.de/wp-content/uploads/2025/01/2024-Dezember-Rezension-Dt.-Museum.pdf">Tragik eines zu Unrecht Vergessenen (Arthur Schönberg), Rezension</a><br />
<a href="http://karin.unkrig.de/wp-content/uploads/2021/03/2021-Januar-Kunstraum-Lothringer.pdf">Kunstraum Lothringer 13</a><br />
<a href="http://karin.unkrig.de/wp-content/uploads/2021/03/HN-2021-03-Experimentierfeld-mit-Open-Air.pdf">Interview mit dem Generaldirektor des Deutschen Museums</a><br />
<a href="http://karin.unkrig.de/wp-content/uploads/2022/01/2021-Dezember-Villa-Stuck.pdf">&#8222;Sound of Spaces&#8220;, Ausstellung Villa Stuck</a><br />
<a href="http://karin.unkrig.de/wp-content/uploads/2021/10/2021-Oktober-Seriencamp-1.pdf">Hinweis Seriencamp Festival 2021</a><br />
<a href="http://karin.unkrig.de/wp-content/uploads/2024/09/2022-Maerz-TRANS-I-GOT-LIFE.pdf">DVD &#8211; TRANS I GOT LIFE, das weite Spektrum der Transidentität</a><br />
<a href="http://karin.unkrig.de/wp-content/uploads/2024/09/2023-August-Film-Omas-Gegen-Rechts.pdf">Filmtipp: Unerschrocken &#8211; Omas gegen Rechts</a><br />
<a href="http://karin.unkrig.de/wp-content/uploads/2024/09/2023-Oktober-Schwebende-Farben-und-Formen.pdf">Ausstellung: &#8222;Schwebende Farben und Formen&#8220;</a><br />
<a href="http://karin.unkrig.de/wp-content/uploads/2024/09/2022-Januar-Atelier-METZ-K36.pdf">Klang der leisen Töne &#8211; Eröffnung Atelier METZ.K36</a><br />
<a href="http://karin.unkrig.de/wp-content/uploads/2024/09/2022-Juni-Hoerspiel-Tod-was-soll-das.pdf">Hörspiel: Tod, was soll das?</a><br />
<a href="http://karin.unkrig.de/wp-content/uploads/2024/09/2024-Juli-Boomer-treffen-Zoomer.pdf">Workshop: &#8222;Boomer treffen Zoomer&#8220;</a><br />
<a href="http://karin.unkrig.de/wp-content/uploads/2025/03/2025-Maerz-Fotoprojekt-Mein-geliebtes-Haushausen-Guido-Krizowski.pdf">&#8222;Einmal lächeln, bitte&#8220; &#8211; Reportage eines Fotokünstlers</a><br />
<a href="http://karin.unkrig.de/wp-content/uploads/2024/09/2022-Dezember-Buch-Claudia-Storz.pdf">Im Verborgenen überleben, Neuerscheinung von Claudia Storz</a><br />
<a href="http://karin.unkrig.de/wp-content/uploads/2024/09/2022-Oktober-Spott-spitz-spoettisch.pdf">Spott &#8211; spöttisch &#8211; spitz, Neuerscheinung von Wolfram Hirche</a><br />
<a href="http://karin.unkrig.de/wp-content/uploads/2024/09/2022-Mai-Vom-Bankier-zum-Bierkoenig.pdf">Vom Bankier zum Bierkönig, Rezension</a><br />
<a href="http://karin.unkrig.de/wp-content/uploads/2021/03/2021-Februar-Rezension-Heimathorst.pdf">Der Heimathorst oder Bayern ohne Lederhosen, Rezension</a><br />
<a href="http://karin.unkrig.de/wp-content/uploads/2024/09/2022-Februar-Haidhauser-Urgestein.pdf">Potpourri eines Haidhauser Urgesteins, Rezension</a></p>

<p>Grün ist die Farbe der Hoffnung: Rezensionen, Artikel und Beiträge in Print- und Online-Publikationen. Museum Aktuell Kunst hassen &#8211; eine enttäuschte Liebe (Museen) HN 2022-12 Interview Claudia Storz AZ 2010-07-02 Royales_ungewohnt AZ 2011-07-12 Männerroman Bücherpick 2009 Fast nichts ist beim Schreiben Zufall Bücherpick 2009 Powerfrauen &#8211; Frauenpower Seite 1 Bücherpick 2009 Powerfrauen &#8211; Frauenpower Seite [&hellip;]</p>
