{"id":682,"date":"2014-02-02T14:23:14","date_gmt":"2014-02-02T14:23:14","guid":{"rendered":"http:\/\/karin.unkrig.de\/?page_id=682"},"modified":"2014-02-02T14:32:30","modified_gmt":"2014-02-02T14:32:30","slug":"die-zukunft-des-schreibens","status":"publish","type":"page","link":"http:\/\/karin.unkrig.de\/?page_id=682","title":{"rendered":"Die Zukunft des Schreibens"},"content":{"rendered":"<p><img loading=\"lazy\" decoding=\"async\" class=\"alignright size-thumbnail wp-image-688\" alt=\"Cover\" src=\"http:\/\/karin.unkrig.de\/wp-content\/uploads\/2014\/02\/Cover-150x150.jpg\" width=\"150\" height=\"150\" \/><\/p>\n<p>G\u00f6nner brauchen Kunst<br \/>\nK\u00f6nner brauchen Gunst<br \/>\nKenner beg\u00fcnstigen<br \/>\ng\u00fcnstige K\u00f6nner.<\/p>\n<p>&nbsp;<\/p>\n<p>Wer schreibt braucht Mut<br \/>\nMutige Schreiber<br \/>\nSchreibende Ermunterung<br \/>\nErmutigende Schreibe.<\/p>\n<p>&nbsp;<\/p>\n<p>Karin Unkrig<\/p>\n","protected":false},"excerpt":{"rendered":"<p>G\u00f6nner brauchen Kunst K\u00f6nner brauchen Gunst Kenner beg\u00fcnstigen g\u00fcnstige K\u00f6nner. &nbsp; Wer schreibt braucht Mut Mutige Schreiber Schreibende Ermunterung Ermutigende Schreibe. &nbsp; Karin Unkrig<\/p>\n","protected":false},"author":3,"featured_media":0,"parent":0,"menu_order":0,"comment_status":"open","ping_status":"open","template":"","meta":{"footnotes":""},"_links":{"self":[{"href":"http:\/\/karin.unkrig.de\/index.php?rest_route=\/wp\/v2\/pages\/682"}],"collection":[{"href":"http:\/\/karin.unkrig.de\/index.php?rest_route=\/wp\/v2\/pages"}],"about":[{"href":"http:\/\/karin.unkrig.de\/index.php?rest_route=\/wp\/v2\/types\/page"}],"author":[{"embeddable":true,"href":"http:\/\/karin.unkrig.de\/index.php?rest_route=\/wp\/v2\/users\/3"}],"replies":[{"embeddable":true,"href":"http:\/\/karin.unkrig.de\/index.php?rest_route=%2Fwp%2Fv2%2Fcomments&post=682"}],"version-history":[{"count":5,"href":"http:\/\/karin.unkrig.de\/index.php?rest_route=\/wp\/v2\/pages\/682\/revisions"}],"predecessor-version":[{"id":687,"href":"http:\/\/karin.unkrig.de\/index.php?rest_route=\/wp\/v2\/pages\/682\/revisions\/687"}],"wp:attachment":[{"href":"http:\/\/karin.unkrig.de\/index.php?rest_route=%2Fwp%2Fv2%2Fmedia&parent=682"}],"curies":[{"name":"wp","href":"https:\/\/api.w.org\/{rel}","templated":true}]}}